ase 11) in base 13?
418
Convert -33335 (base 7) to base 9.
-12468
What is 12654 (base 7) in base 9?
4620
What is 1bb8 (base 13) in base 8?
10157
-5684 (base 11) to base 3
-101020210
Convert 11111222 (base 3) to base 13.
1664
Convert 45ed (base 15) to base 12.
8714
What is 368 (base 15) in base 6?
3325
Convert -1c39 (base 16) to base 11.
-5479
Convert -a379 (base 11) to base 4.
-3112333
What is -100022012 (base 3) in base 13?
-3119
575 (base 10) to base 12
3bb
Convert 308 (base 11) to base 15.
19b
Convert -272 (base 14) to base 11.
-408
1743 (base 9) to base 12
933
-102033 (base 5) to base 11
-2605
-7077 (base 12) to base 6
-132231
What is -30101 (base 4) in base 9?
-1062
Convert -2a3 (base 12) to base 8.
-633
-20244 (base 6) to base 11
-2028
-11010120 (base 3) to base 9
-4116
-2520 (base 13) to base 15
-1860
310 (base 6) to base 9
136
Convert -5788 (base 14) to base 13.
-6c02
124360 (base 7) to base 12
114aa
-111201 (base 4) to base 6
-10213
What is -120000100 (base 3) in base 4?
-2223000
100230 (base 4) to base 15
4b3
Convert 111210 (base 5) to base 3.
12101120
Convert 170 (base 15) to base 2.
101001010
Convert 1005 (base 9) to base 14.
3a6
-118443 (base 9) to base 2
-10001100001111101
What is 1312303 (base 4) in base 16?
1db3
Convert 35 (base 16) to base 11.
49
What is 1812 (base 11) in base 13?
108b
Convert 26702 (base 8) to base 5.
333324
What is -1212 (base 3) in base 13?
-3b
-210120021 (base 3) to base 15
-49d1
Convert -1252 (base 16) to base 8.
-11122
Convert -e2 (base 15) to base 7.
-422
-1010111 (base 3) to base 15
-39d
Convert -2371 (base 8) to base 12.
-8a1
Convert -3876 (base 13) to base 2.
-1111101101000
What is 20322202 (base 4) in base 14?
d442
-1022110211 (base 3) to base 15
-79e1
Convert -12536 (base 9) to base 14.
-3121
Convert 1020212 (base 3) to base 11.
761
What is 11000100 (base 2) in base 8?
304
What is -13332 (base 4) in base 12?
-366
Convert -1102221 (base 3) to base 7.
-3031
What is -211202 (base 3) in base 9?
-752
Convert -1890 (base 13) to base 3.
-12000210
What is -3147 (base 8) in base 12?
-b47
-203 (base 5) to base 16
-35
What is 222102 (base 3) in base 15?
328
Convert -20433 (base 6) to base 2.
-101011000101
Convert 35a (base 11) to base 16.
1ac
-45055 (base 10) to base 13
-1767a
Convert -787 (base 11) to base 9.
-1256
What is 1100001011100 (base 2) in base 15?
1cab
What is -a72 (base 12) in base 3?
-2002112
-1671 (base 12) to base 16
-a75
What is -2747 (base 8) in base 13?
-8c3
What is -1630 (base 8) in base 6?
-4132
-bd4 (base 16) to base 13
-14bc
What is 445 (base 13) in base 3?
1000011
What is 40035 (base 6) in base 5?
131312
What is -1240 (base 7) in base 8?
-725
-65a (base 12) to base 8
-1646
Convert -130001 (base 6) to base 4.
-2312101
What is 179 (base 16) in base 11?
313
Convert 100000001 (base 2) to base 5.
2012
What is -200020 (base 5) in base 12?
-3758
-1805 (base 13) to base 10
-3554
What is -10011110111 (base 2) in base 13?
-76a
-123223 (base 4) to base 3
-2102121
Convert -89 (base 13) to base 7.
-221
Convert 140441 (base 6) to base 14.
4adb
What is 1b28 (base 12) in base 15?
ece
80 (base 16) to base 3
11202
-201001 (base 5) to base 12
-3834
2223 (base 8) to base 12
817
What is 51b (base 16) in base 13?
797
-2070 (base 12) to base 14
-140c
-41 (base 5) to base 9
-23
-23222 (base 4) to base 6
-3242
What is 11233 (base 4) in base 14?
1c3
What is 111000000 (base 2) in base 4?
13000
Convert 299a (base 12) to base 7.
20125
Convert 909 (base 12) to base 6.
10013
-322232 (base 4) to base 12
-2212
Convert 11552 (base 6) to base 12.
bb8
Convert -292 (base 15) to base 6.
-2415
Convert 2822 (base 9) to base 4.
201032
-14788 (base 13) to base 12
-1a444
What is 3102213 (base 4) in base 10?
13479
-123324 (base 5) to base 7
-20052
What is -111121012 (base 3) in base 14?
-3882
What is -3083 (base 15) in base 9?
-15046
Convert 11113 (base 7) to base 11.
2119
20750 (base 8) to base 2
10000111101000
Convert 21d (base 16) to base 13.
328
What is -1210210 (base 3) in base 8?
-2445
What is -133221 (base 4) in base 9?
-2700
-91c (base 15) to base 14
-a68
Convert c18 (base 16) to base 3.
11020200
What is -11010101 (base 2) in base 16?
-d5
Convert 429 (base 12) to base 5.
4414
Convert 641 (base 9) to base 8.
1013
-11000111110 (base 2) to base 12
-b12
What is 2848 (base 12) in base 6?
33332
Convert 210 (base 13) to base 6.
1343
-170610 (base 8) to base 14
-18768
-3064 (base 7) to base 10
-1075
Convert -104c6 (base 13) to base 3.
-1111022212
Convert -20110212 (base 3) to base 12.
-2895
135 (base 13) to base 6
553
Convert 111111010010010 (base 2) to base 7.
163316
What is 481 (base 10) in base 3?
122211
Convert -18021 (base 11) to base 3.
-1021201111
Convert 57b (base 16) to base 15.
638
Convert 8021 (base 13) to base 8.
42303
Convert 301 (base 5) to base 16.
4c
1222330 (base 4) to base 8
15274
What is 26660 (base 7) in base 16?
1c1c
41e5 (base 15) to base 16
3674
What is 10676 (base 13) in base 16?
73e8
Convert -1329 (base 14) to base 8.
-6451
-3031312 (base 4) to base 14
-4b30
What is -11634 (base 8) in base 15?
-174a
What is -5993 (base 10) in base 8?
-13551
What is 4787 (base 9) in base 11?
2749
What is 3631 (base 11) in base 3?
20112001
Convert 35757 (base 8) to base 13.
6ca3
Convert -3352 (base 10) to base 11.
-2578
Convert 7b6 (base 14) to base 2.
10111111100
Convert 3247 (base 11) to base 3.
12212202
Convert 135 (base 13) to base 7.
423
-106 (base 15) to base 14
-127
What is 1214100 (base 5) in base 12?
113a9
-2313 (base 7) to base 3
-1011020
What is 38737 (base 9) in base 2?
110011000000100
121 (base 5) to base 12
30
Convert -433 (base 10) to base 5.
-3213
What is 16056 (base 9) in base 8?
25352
13435 (base 8) to base 10
5917
What is -1213 (base 10) in base 16?
-4bd
324 (base 11) to base 14
1db
-8ca (base 14) to base 8
-3322
212210 (base 5) to base 10
7180
1a47 (base 16) to base 5
203402
Convert 5389 (base 15) to base 5.
1031204
-101004 (base 5) to base 3
-11110112
Convert -456 (base 7) to base 14.
-12d
-102354 (base 8) to base 4
-20103230
Convert -75823 (base 10) to base 9.
-125007
What is -37444 (base 9) in base 8?
-61076
Convert 246 (base 12) to base 3.
110200
What is 1010120 (base 3) in base 6?
3453
-1202011 (base 4) to base 12
-3771
What is 812d (base 14) in base 6?
250421
What is 44 (base 5) in base 12?
20
1101110011 (base 2) to base 6
4031
-6022 (base 7) to base 14
-a82
-5783 (base 10) to base 2
-1011010010111
What is -75102 (base 10) in base 7?
-431646
Convert -210505 (base 7) to base 10.
-36265
-3928 (base 11) to base 2
-1001111111000
What is -1300 (base 5) in base 16?
-c8
What is -45015 (base 7) in base 8?
-26103
Convert -111320 (base 4) to base 15.
-635
What is -6504 (base 12) in base 16?
-2b54
What is 442321 (base 6) in base 13?
139cc
What is 11202 (base 3) in base 14?
92
What is 22112120 (base 3) in base 11?
474a
-12558 (base 10) to base 4
-3010032
What is -340 (base 15) in base 11?
-609
-2566 (base 14) to base 15
-1e23
-206 (base 11) to base 4
-3320
Convert c798 (base 14) to base 13.
1289a
Convert -2213 (base 6) to base 11.
-427
What is -5e33 (base 16) in base 12?
-11b57
Convert 8531 (base 12) to base 8.
34365
What is -121200120 (base 3) in base 13?
-56ca
What is 1001200122 (base 3) in base 16?
51b3
Convert 10011001011001 (base 2) to base 10.
9817
-ddd (base 14) to base 5
-41433
What is -104340 (base 8) in base 13?
-12c45
What is -18ea (base 16) in base 8?
-14352
Convert 2b7 (base 13) to base 11.
404
-132 (base 5) to base 9
-46
Convert 82 (base 16) to base 8.
202
What is -11010010110 (base 2) in base 8?
-3226
Convert -6680 (base 9) to base 16.
-1344
Convert 110100222 (base 3) to base 8.
21471
What is -9a (base 13) in base 14?
-91
Convert -576 (base 10) to base 3.
-210100
What is -10505 (base 7) in base 16?
-a5b
What is -14d (base 14) in base 15?
-12a
What is -231543 (base 6) in base 12?
-b5b3
-1113 (base 16) to base 7
-15513
Convert 2618 (base 12) to base 10.
4340
644d (base 15) to base 7
115606
What is -16371 (base 9) in base 4?
-2233222
-51345 (base 9) to base 5
-2040233
Convert 12b20 (base 13) to base 2.
1000100000011000
What is -20023 (base 5) in base 7?
-3453
2f9b (base 16) to base 12
7077
Convert -272 (base 15) to base 13.
-33b
What is -26646 (base 8) in base 5?
-333221
Convert -7543 (base 10